 i(u).
-7
Let x be 0 + 0 + 21/3. Let t be 9/(72/(-64))*(2 - 3). Let p(y) = t*y - 23*y**2 + 0 + 22*y**2 - 4. What is p(x)?
3
Let x = -1676 - -1677. Let v(f) = -8*f**3 - 7*f**3 + 4*f**3. Calculate v(x).
-11
Let q(x) = 11*x**2 + 9*x - 23. Let f(k) = -28*k**2 - 16*k + 46. Let i(v) = -2*f(v) - 5*q(v). Give i(10).
-7
Let b(m) = 2*m**2 + 26*m - 12. Let o be -22 - ((10/(-125) - (-444)/(-75)) + 0). What is b(o)?
84
Let v(a) = 86*a**2. Suppose 4*w - 7 = -u, 4*w = 4*u - 0*w + 12. Give v(u).
86
Let k = 1121 + -1130. Let b(t) = -11*t - 100. What is b(k)?
-1
Let b = -100 - -103. Let a be (27/(-63))/(b/(-21)). Let k(u) = -6*u**a - 41*u - 1 + 21*u + 21*u. Give k(1).
-6
Let v(h) = h**2 - 13*h + 50. Let a(x) = x**3 - 23*x**2 + 125*x + 58. Let i be a(10). Determine v(i).
10
Let u be 92441/(-12389) - 12/(-26). Let c(r) = -r**3 - 4*r**2 + 9*r + 14. Determine c(u).
98
Let v(w) = w**2 + 4*w - 7. Let u be (-6*(-6)/(-24))/((-1)/(-6)). Let s(k) = 8*k + 67. Let q be s(u). Calculate v(q).
-2
Suppose 230 = -12*n + 86. Let a(d) = -d**3 - 12*d**2 + 3*d + 3. Calculate a(n).
-33
Let v = -4008 + 4013. Let m(x) = -x**3 + 5*x**2 - x + 6. What is m(v)?
1
Let u(i) = 4*i**2 - 95 + 0 + 104 - 6 - 7*i - i - 3*i**3. What is u(4)?
-157
Let m(g) = 2*g + 1. Let a(o) = o - 1. Let q(b) = -3*a(b) + m(b). Let d(c) = -c**3 - 14*c**2 - 32*c + 11. Let f be d(-11). What is q(f)?
4
Let c(g) = -1 - 27*g**2 + g + 3*g - 30*g**2 + 58*g**2. Let x be c(-6). Let r(f) = 11 - 10*f**2 + 4*f + x*f**2 - 13. Calculate r(-5).
3
Let c(j) = -j**3 + 13*j**2 - 17*j - 122. Let r be c(10). Let f(s) = 5*s - 8. Let a(m) = 21*m - 32. Let t(d) = 2*a(d) - 9*f(d). Calculate t(r).
-16
Let i(m) be the second derivative of -2*m + 17 - 5/2*m**2 + 11/6*m**3 - 1/12*m**4. Calculate i(11).
-5
Let s(m) = 4*m**2 + m - 1. Let w = -10 - -7. Let q(c) = -c**2 + c - 1. Let k(z) = w*q(z) - s(z). Let d be (1535/921)/((-1)/3). Determine k(d).
-1
Suppose -3*n - 4*t + 678 + 41 = 0, -2*n + 480 = 2*t. Suppose 32*g + n + 111 = 0. Let w(m) = m + 11. Give w(g).
0
Let h(t) be the second derivative of 1/3*t**3 + t + 0 - 4*t**2. Let w(c) = -90*c + 2977. Let f be w(33). What is h(f)?
6
Let c(b) be the third derivative of 3*b - 5/6*b**3 - 1/12*b**4 - 1/15*b**5 - 1/120*b**6 + 48*b**2 + 0. Let n be (2 + -7)*(-4)/(-5). Give c(n).
3
Let n(u) = -u + 217 - 59 + u**2 + 22*u - 89. Calculate n(-16).
-11
Let o be ((-275)/20 + -6)/(1/(-4)). Let k = -71 + o. Let y(j) = 3*j**2 + 0 + k + j**3 - 7*j - 2*j**2 + 4*j**2. Calculate y(-6).
14
Let m(n) = -n**2 - 3*n + 5. Let f(c) = c**2 + 6*c - 27. Let b be f(3). Suppose -4*w + 4*q + 8 = b, -3*w + 30 = 5*q - 0*q. Calculate m(w).
-35
Let m(w) = 2*w + 5. Suppose -f + 9 = -3*j + 7, -3*f + 34 = 5*j. Let c = -1 - 4. Let p be c/((-20)/f) - 8. Determine m(p).
-7
Let u = 18 - 12. Let n(v) = -v + 0 - 2 - u. Suppose 6*j + 66 = 24. Calculate n(j).
-1
Let r(x) = -2*x + 1. Let c(y) = -4*y**3 + 7*y - 5. Let p be (-10)/(-60)*3 - 3/2. Let l(a) = p*c(a) - 3*r(a). Give l(1).
5
Let k(f) = 113*f - 88. Let x(n) = 210*n - 174. Let l(u) = -11*k(u) + 6*x(u). What is l(5)?
9
Let z(f) be the second derivative of -f**4/3 - f**3/3 + f**2/2 - 27*f. Let i be -6 + 5 - (-6 + 4 + 3). Determine z(i).
-11
Suppose 13*r - 26*r + 1391 = 0. Let y = r - 44. Let c(u) = -28*u + y*u - 36*u. Calculate c(-7).
7
Let i(v) be the first derivative of v**6/24 + v**4/12 - v**3/6 - 19*v**2 + 7. Let h(g) be the second derivative of i(g). Determine h(1).
6
Let p(l) = -l**3 - 8*l**2 - 18*l - 12. Let d be p(-5). Suppose d*x + 5*k = 7*k + 13, -5*k = -2*x + 5. Let z(o) = 2*o - 4*o + 3*o + 0*o + 6. Calculate z(x).
11
Let c be ((-147)/14)/(((-78)/(-4))/(-13)). Let d(x) = -x**3 + 10*x**2 - 16*x - 7. Give d(c).
28
Let a be 3/(-24) - (-82)/16. Let v(y) = -y**2 + 2*y + 6*y - 2 + 2*y - 2*y - y. Give v(a).
8
Let l(t) = -t**3 - t**2 - 8. Let q be (-12)/(-32) + 105/40. Suppose -q*r - 7*r = -4*r. Determine l(r).
-8
Let n(w) = -8*w + 3. Let g(m) = -353*m + 7. Let l be g(0). Let i be ((-2)/(-2))/((-2)/10). Let d(a) = -12*a + 4. Let p(r) = i*d(r) + l*n(r). Give p(-2).
-7
Let z(n) = n**3 + 7*n**2 + 2*n + 4. Let b = -623 + 632. Let y be ((-12)/b)/(-2) - 40/6. Determine z(y).
28
Let l(c) = c**3 + 6*c**2 + 2*c - 15. Let u be l(-5). Let f(a) = 0 - 4*a**2 + 3 + 7*a**2 - 4*a**2. Determine f(u).
3
Let m(k) = 8*k + 87. Let b(p) = -15*p - 162. Let a(x) = 6*b(x) + 11*m(x). Determine a(6).
-27
Let x = 49 - 43. Let r(m) = 122*m - 241*m + 117*m + 14. Give r(x).
2
Let c be (-32)/6 - 24/(-18) - 127. Let b = 223 + c. Let z = -95 + b. Let i(q) = -q**2 - 4*q - 3. Calculate i(z).
0
Let u(a) = 2*a**2 + a - 3. Let k(v) = 7*v**2 + 31*v + 2. Let y be k(-12). Let c = y + -636. Determine u(c).
7
Let x(w) = 2*w**3 + 4*w**2 - 7*w + 10. Let t(k) = 2*k**3 + 4*k**2 - 6*k + 8. Let b(g) = 6*t(g) - 5*x(g). Calculate b(-3).
-17
Let s(n) = 204*n + 505. Let i(z) = -103*z - 233. Let f(q) = 13*i(q) + 6*s(q). What is f(1)?
-114
Suppose 0*i + 21 = -3*l + 5*i, l + 11 = 3*i. Let m be 0/(4/l + -1). Let c(d) be the first derivative of d**2/2 - 12*d + 383. What is c(m)?
-12
Let b(a) = -31*a - 2*a - a**2 + 22*a + 13 + 12. What is b(-16)?
-55
Let m(d) = d**2 - 3*d - 7. Suppose 11*o - 19 = 14. Suppose 8*n + 9 = 3*n - o*y, 6 = -2*n - 2*y. Suppose n = -3*c - 2*c + 25. Give m(c).
3
Let t = 1619 + -1619. Let a = 11 + -8. Let k(n) = 0*n - n**2 + n + 5 + 0*n + n**a. Give k(t).
5
Let z(a) = 20*a - 18 - 79 + 9*a + a**2. Determine z(3).
-1
Let w(n) = -n**2 + 3. Let q(r) = -r**2 + 23*r + 72. Let p be q(28). Let f be 68/p + (-1)/(-1). Calculate w(f).
3
Let u(l) be the first derivative of 1/2*l**2 + 85 + 2*l. Suppose -5*i = -0*i + 30. What is u(i)?
-4
Let u(v) = 141*v - 6. Let m(x) = -28*x. Let w(i) = -5*m(i) - u(i). Let g(s) = -s**3 - 3*s**2 - s + 5. Let a be g(-4). Suppose j + 4*j = -a. What is w(j)?
11
Let r(c) = -7*c + 2. Suppose 0 = -8*y - 81 - 3279. Let n = -419 - y. Give r(n).
-5
Let v(s) = -22*s - 18. Suppose -2*c = -17 + 27. Let r(o) = -13*o - 9. Let j(h) = c*r(h) + 3*v(h). Determine j(-5).
-4
Suppose 0 = -2*n - 1 - 1. Suppose -169*m = -175*m + 24. Let o(l) = -12*l + 20*l - m*l. Determine o(n).
-4
Suppose -i - 1106 = 38*p - 41*p, -4*p + 1480 = 4*i. Let z = -376 + p. Let c(h) = -h**3 - 7*h**2 + 3*h + 8. Give c(z).
-13
Let b(d) = 89*d - 1243. Let w be b(14). Let t(j) = j**3 - 8*j**2 + 3*j + 3. Determine t(w).
-33
Let d be (-40)/(-80) - (-1)/6. Let r(j) be the second derivative of 0*j**2 - 1/12*j**4 - d*j**3 + 9*j + 0. Determine r(-2).
4
Let o(y) = y**2 - 6*y - 9. Let d be 4 - 76/(-4 + 2). Suppose 17*u - 161 = -d. Give o(u).
-2
Suppose 3*y - 32 - 37 = 0. Suppose -v + 4*d = -9, y = -v + 27*d - 31*d. Let k(h) be the second derivative of h**3/2 + 7*h**2/2 + h. Determine k(v).
-14
Let u(o) be the second derivative of -5*o**3/6 + 5*o**2/2 + 26*o + 42. Determine u(2).
-5
Let h(v) be the third derivative of -7*v**4/12 - 17*v**3/3 - 3980*v**2. Calculate h(-11).
120
Let q(t) be the third derivative of 0 + 1/6*t**3 + 0*t - 1/24*t**4 - 50*t**2. What is q(-2)?
3
Let m(k) = -2*k - 516756 + 516734 - 2*k. Calculate m(3).
-34
Let n(q) = q**2 - q - 109. Let m be n(11). Let c(y) be the third derivative of -2*y**2 + 1/24*y**4 + 1/60*y**5 + 0*y + 0 - 1/6*y**3. What is c(m)?
1
Suppose 5*b = -16 - 14. Let q(z) = -24*z**2 - 30*z**2 + 6 + 2 + 52*z**2 - 7*z. Calculate q(b).
-22
Let z(r) be the second derivative of 1 + 1/3*r**3 + r**2 - 31*r. Determine z(8).
18
Let f(x) = 2090*x**3 - x - 31 - 11*x**2 + 2085*x**3 - 4174*x**3. Give f(11).
-42
Let o(q) = -3*q**2 + 3*q - 6. Let f(p) = -5*p**2 + 3*p - 7. Let d be (-20)/(-12) + 4 + (-33)/9. Let x(i) = d*f(i) - 3*o(i). Give x(-6).
-14
Let o(k) = 7*k + 3*k + 22 + 5*k - 17*k. Determine o(0).
22
Suppose x = -j + 66 - 56, 66 = 3*x - 3*j. Let a(u) = u + 18. Give a(x).
34
Let k(z) = z + 2. Let x be k(-8). Let v(s) = 13 - s**2 + 57*s + 6 + 114*s - 174*s. Give v(x).
1
Let a(r) = -r - 10. Let u = -47 - -49. Suppose -35 = -u*b - 3*b. Give a(b).
-17
Let f(k) be the third derivative of -k**7/560 - k**6/360 + k**5/20 - 13*k**4/24 - 77*k**2. Let j(g) be the third derivative of f(g). Determine j(-2).
16
Let t(o) be the second derivative of -o**5/20 - 3*o**3/2 - o**2/2 - 20*o + 5. Determine t(4).
-101
Let r(v) = 2*v - 11. Let a(x) = -x**3 + 4*x**2 - 3*x + 7. Let u be a(4). Let b(z) = -z + 6. Let s(j) = u*b(j) - 2*r(j). What is s(0)?
-8
Supp